rue
Is 2702783 a composite number?
True
Is 7249631 a prime number?
True
Is 752977 prime?
True
Is 36540947 composite?
False
Is 28642373 a prime number?
True
Is 537527 composite?
False
Is 15782759 prime?
True
Is 14271739 prime?
True
Is 407131913 a composite number?
True
Is 25968697 prime?
True
Is 277839271 prime?
False
Is 919717 a prime number?
False
Is 1944737 composite?
False
Is 2097527 a prime number?
False
Is 20671241 a prime number?
True
Is 1825951 a composite number?
True
Is 11699661 a prime number?
False
Is 1175021 a prime number?
True
Is 2360213 prime?
False
Is 107589017 a composite number?
False
Is 13898609 a composite number?
False
Is 3168821 a composite number?
False
Is 415032913 a composite number?
True
Is 8120641 a prime number?
True
Is 6339019 a composite number?
True
Is 312645187 a composite number?
True
Is 47110873 a composite number?
True
Is 839969533 composite?
True
Is 832103 prime?
True
Is 1672429 prime?
False
Is 1677227 composite?
True
Is 1528031 a composite number?
True
Is 1524031 a prime number?
False
Is 3421889 prime?
False
Is 63546785 a composite number?
True
Is 4096817 a prime number?
False
Is 1113991 prime?
True
Is 17976551 prime?
True
Is 18982274 a prime number?
False
Is 376653 prime?
False
Is 52917929 prime?
True
Is 7477391 prime?
True
Is 11115227 a prime number?
True
Is 1954961 a prime number?
False
Is 332525923 a composite number?
True
Is 1743851 composite?
False
Is 40872847 composite?
False
Is 62887087 composite?
True
Is 48884483 a composite number?
False
Is 3084041 a composite number?
False
Is 1415677 prime?
False
Is 1023085807 composite?
False
Is 11415701 a composite number?
True
Is 19482207 a prime number?
False
Is 5225083 a prime number?
True
Is 409009 a composite number?
True
Is 8237653 composite?
True
Is 36065395 composite?
True
Is 1585769 a prime number?
True
Is 18363593 composite?
False
Is 3176191 composite?
True
Is 83697881 a prime number?
True
Is 94768537 composite?
True
Is 2917919 a prime number?
False
Is 131297449 a prime number?
True
Is 237547 a prime number?
True
Is 655909 a composite number?
False
Is 7949597 composite?
True
Is 6182963 a prime number?
False
Is 14889921 a prime number?
False
Is 661603 composite?
False
Is 2358127 a prime number?
True
Is 79136107 a prime number?
False
Is 45093689 a composite number?
False
Is 165716293 composite?
False
Is 34374047 prime?
True
Is 12658553 a prime number?
True
Is 22990991 a composite number?
False
Is 116031298 prime?
False
Is 1971857 a prime number?
True
Is 6943567 a composite number?
False
Is 1199070199 prime?
False
Is 32250381 composite?
True
Is 1679033 a prime number?
True
Is 302388587 composite?
False
Is 11476273 composite?
False
Is 23601757 prime?
False
Is 116706277 composite?
False
Is 241872721 composite?
True
Is 65125453 a composite number?
True
Is 4754533 prime?
False
Is 377893 a prime number?
False
Is 44624911 a composite number?
False
Is 23017481 a prime number?
False
Is 186401 a composite number?
True
Is 23841095 composite?
True
Is 745601 a prime number?
True
Is 10788983 a prime number?
False
Is 3487871 a composite number?
False
Is 6233497 composite?
False
Is 4611521 composite?
True
Is 2375603 a prime number?
True
Is 49157203 a composite number?
False
Is 1807457 prime?
False
Is 14730059 composite?
False
Is 937799 composite?
True
Is 2512897 composite?
False
Is 23249807 a composite number?
True
Is 75471199 a prime number?
False
Is 66648251 a composite number?
False
Is 7441339 a composite number?
False
Is 192688819 a prime number?
True
Is 64238093 a prime number?
True
Is 749041357 a prime number?
False
Is 3540571 a composite number?
True
Is 53843081 composite?
False
Is 38789027 composite?
False
Is 3951613 a prime number?
False
Is 32965089 a composite number?
True
Is 14939759 composite?
False
Is 8237399 a prime number?
False
Is 4971121 composite?
True
Is 15866629 a prime number?
False
Is 10869857 a prime number?
False
Is 1509701 a composite number?
False
Is 41845109 composite?
True
Is 146652679 prime?
True
Is 6648883 composite?
False
Is 33890237 prime?
True
Is 34047593 a composite number?
True
Is 194453303 a composite number?
True
Is 1666447 a prime number?
True
Is 12390311 a composite number?
False
Is 12257137 a composite number?
True
Is 714353 a composite number?
True
Is 30787063 a prime number?
True
Is 39357229 prime?
True
Is 489463379 prime?
True
Is 873347 a composite number?
True
Is 171301 a composite number?
True
Is 1369663 prime?
False
Is 40243309 a prime number?
False
Is 48069767 a prime number?
False
Is 3083539 prime?
False
Is 2340119 composite?
False
Is 22769122 composite?
True
Is 3746809 prime?
False
Is 318859187 a composite number?
True
Is 21357418 a prime number?
False
Is 17510303 prime?
True
Is 62321613 a prime number?
False
Is 6426421 prime?
True
Is 755700089 composite?
False
Is 6207577 composite?
False
Is 32047921 a composite number?
True
Is 18596129 a prime number?
False
Is 4044259 composite?
True
Is 184573133 composite?
True
Is 903837259 a prime number?
False
Is 13492981 composite?
False
Is 14281951 composite?
False
Is 9093919 a prime number?
True
Is 16741559 a composite number?
False
Is 1463380709 a composite number?
True
Is 1461127 a composite number?
False
Is 29328979 composite?
True
Is 59124269 prime?
False
Is 144848651 prime?
True
Is 1333165 a prime number?
False
Is 1347227 composite?
True
Is 655958211 prime?
False
Is 216367 a prime number?
False
Is 76387837 a prime number?
True
Is 73399247 a prime number?
True
Is 102183247 composite?
True
Is 4468787 a prime number?
True
Is 8871823 a composite number?
True
Is 9003497 composite?
False
Is 1363847 a composite number?
False
Is 81316691 prime?
False
Is 623563 a composite number?
False
Is 140074397 composite?
False
Is 30622561 prime?
True
Is 9102391 a prime number?
False
Is 16590677 a composite number?
False
Is 87306811 a composite number?
True
Is 744197 a prime number?
False
Is 957854 a prime number?
False
Is 191797579 a composite number?
False
Is 164623451 a composite number?
False
Is 852382013 a composite number?
True
Is 8091731 a prime number?
True
Is 4978937 prime?
True
Is 249122473 composite?
False
Is 18442913 a prime number?
False
Is 2975431 prime?
False
Is 7735333 composite?
False
Is 378476237 a composite number?
True
Is 3761897 a prime number?
True
Is 6285059 prime?
False
Is 12507089 a composite number?
True
Is 168893671 a composite number?
False
Is 66431455 prime?
False
Is 72153239 a prime number?
True
Is 1932559 composite?
True
Is 705559 a prime number?
True
Is 4633259 prime?
True
Is 59617183 a prime number?
False
Is 4522655 a composite number?
True
Is 8372833 composite?
True
Is 75543191 prime?
False
Is 3121271 prime?
False
Is 733667 a composite number?
True
Is 58444535 a prime number?
False
Is 1316809 prime?
False
Is 5178809 prime?
True
Is 110497031 a composite number?
True
Is 363193777 a composite number?
True
Is 393596321 a composite number?
True
Is 354832481 composite?
False
Is 465815743 a prime number?
True
Is 4751891 composite?
True
Is 29322797 a composite number?
True
Is 3688085 prime?
False
Is 13913342 composite?
True
Is 33763487 prime?
False
Is 2460569 prime?
False
Is 192141139 composite?
False
Is 2613601 a prime number?
True
Is 5036783 prime?
True
Is 3879305 a composite number?
True
Is 4096871 prime?
True
Is 19476445 a composite number?
True
Is 774359933 a composite number?
False
Is 68759663 a composite number?
True
Is 18266954 a prime number?
False
Is 38191147 composite?
False
Is 7564615 a prime number?
False
Is 53031647 composite?
True
Is 7366767 composite?
True
Is 5075251 a composite number?
False
Is 9129194 composite?
True
Is 167880959 prime?
False
Is 9801653 prime?
False
Is 12509611 a composite number?
False
Is 6319543 a prime number?
False
Is 9798691 a composite number?
True
Is 2234849 a composite number?
False
Is 17169263 a prime number?
True
Is 12426769 prime?
True
Is 4177051 prime?
True
Is 1319167 a prime number?
True
Is 14153929 a prime number?
True
Is 14504641 a prime number?
False
Is 12424861 composite?
False
Is 254755729 prime?
True
Is 215735027 a prime number?
False
Is 110509081 prime?
False
Is 214202455 prime?
False
Is 7916453 composite?
True
Is 62940499 a composite number?
True
Is 687679 a composite number?
False
Is 1246781 prime?
True
Is 197